{"id":16,"date":"2022-04-01T17:27:57","date_gmt":"2022-04-01T15:27:57","guid":{"rendered":"https:\/\/segundavidadeloslibros.es\/?page_id=16"},"modified":"2022-04-05T20:21:20","modified_gmt":"2022-04-05T18:21:20","slug":"sobre-mi","status":"publish","type":"page","link":"https:\/\/segundavidadeloslibros.es\/index.php\/sobre-mi\/","title":{"rendered":"Sobre m\u00ed"},"content":{"rendered":"\n<div class=\"wp-block-group\"><div class=\"wp-block-group__inner-container is-layout-flow wp-block-group-is-layout-flow\">\n<div class=\"wp-block-columns are-vertically-aligned-center is-layout-flex wp-container-core-columns-is-layout-9d6595d7 wp-block-columns-is-layout-flex\">\n<div class=\"wp-block-column is-vertically-aligned-center is-layout-flow wp-block-column-is-layout-flow\" style=\"flex-basis:100%\">\n<div class=\"wp-block-group\"><div class=\"wp-block-group__inner-container is-layout-flow wp-block-group-is-layout-flow\">\n<div class=\"wp-block-columns are-vertically-aligned-center is-layout-flex wp-container-core-columns-is-layout-9d6595d7 wp-block-columns-is-layout-flex\">\n<div class=\"wp-block-column is-layout-flow wp-block-column-is-layout-flow\"><\/div>\n\n\n\n<div class=\"wp-block-column is-layout-flow wp-block-column-is-layout-flow\">\n<figure class=\"wp-block-image size-full\"><img loading=\"lazy\" decoding=\"async\" width=\"175\" height=\"208\" src=\"https:\/\/segundavidadeloslibros.es\/wp-content\/uploads\/2022\/04\/mj-rotated.jpg\" alt=\"\" class=\"wp-image-148\"\/><\/figure>\n<\/div>\n\n\n\n<div class=\"wp-block-column is-layout-flow wp-block-column-is-layout-flow\"><\/div>\n<\/div>\n<\/div><\/div>\n<\/div>\n<\/div>\n<\/div><\/div>\n\n\n\n<p><\/p>\n\n\n\n<p>Me llamo M.\u00aa Jos\u00e9 Almenara Angulo, soy Licenciada en Geograf\u00eda e Historia por la rama de Arte, en la actualidad trabajo como Ayudante de Biblioteca.<\/p>\n\n\n\n<p>Desde ni\u00f1a siempre me apasion\u00f3 la lectura y me causaba un gran pesar deshacerme de los libros deteriorados, obsoletos o \u201cmutilados\u201d \u2026 con los a\u00f1os me fui planteando \u00bfQu\u00e9 puedo hacer con ellos? Surgi\u00f3 as\u00ed pues la idea inicial, poder reciclarlos y darles una \u201csegunda vida\u201d.<\/p>\n\n\n\n<p>Hace a\u00f1os por navidad, comenc\u00e9 a deshojar algunos viejos libros en desuso y crear con ellas adornos. Encontr\u00e9 en la web inspiraci\u00f3n para producir ideas originales: \u00e1ngeles, rosetones, \u00e1rboles de navidad.<\/p>\n\n\n\n<p>Pronto descubr\u00ed un amplio abanico de posibilidades, empezando a elaborar lo que se denomina \u201clibros de artista\u201d, dedicados a grandes autores de la literatura universal y a su obra: Orient Express, La Isla del tesoro, Fahrenheit 451 o La peste.<\/p>\n\n\n\n<p>Otros fueron creados rememorando efem\u00e9rides destacadas, como el IV Centenario de la Muerte de Miguel de Cervantes, Frankenstein o el moderno Prometeo conmemorando los 200 a\u00f1os de su publicaci\u00f3n.<\/p>\n\n\n\n<p>La literatura infantil fue con frecuencia fuente de mi\u00a0 inspiraci\u00f3n:\u00a0 Alicia en el pa\u00eds de las maravillas, Los viajes de Gulliver, Peter Pan,\u00a0 Cuentos Cl\u00e1sicos y el Mar.<\/p>\n\n\n\n<p>Otros de diversa tem\u00e1tica, como Insectos, Inventos, Mariposas, Edad Media. En ocasiones, algunos de los libros fueron realizados expresamente para un evento concreto: Cuerpo humano I y II, Medicamentos, Florence Nightingale.<\/p>\n\n\n\n<p>Los libros han sido expuestos en:<\/p>\n\n\n\n<h2 class=\"wp-block-heading\">En 2018:<\/h2>\n\n\n\n<blockquote class=\"wp-block-quote is-layout-flow wp-block-quote-is-layout-flow\"><p>Desde el 5 de noviembre al 5 de enero, en el III Premio Libro de Artista Ciudad de M\u00f3stoles.<\/p><p>En abril, Hospital Reina Sof\u00eda (C\u00f3rdoba), <a>dentro de los actos para conmemorar el D\u00eda Internacional del Libro.<\/a><\/p><p>En abril, Escuela de Artes y Oficios de C\u00f3rdoba, sede Mateo Inurria.<\/p><\/blockquote>\n\n\n\n<h2 class=\"wp-block-heading\">En 2019:<\/h2>\n\n\n\n<blockquote class=\"wp-block-quote has-text-align-left is-layout-flow wp-block-quote-is-layout-flow\"><p>En abril, del 23-30, en el Hospital de Montilla (C\u00f3rdoba)dentro de los actos para conmemorar el D\u00eda Internacional del Libro.<\/p><p>En noviembre, como invitada en el XX Aniversario del Hospital Alto Guadalquivir de And\u00fajar (Ja\u00e9n).<\/p><\/blockquote>\n\n\n\n<h2 class=\"wp-block-heading\">En 2022:<\/h2>\n\n\n\n<blockquote class=\"wp-block-quote is-layout-flow wp-block-quote-is-layout-flow\"><p>En marzo, del 24-26, en el Hogar Virgen de los Reyes de Sevilla, dentro de los actos del I Congreso Internacional Enfermer\u00eda del Trabajo.<\/p><p>En abril, d\u00eda 19 en la Diputaci\u00f3n de C\u00f3rdoba, para conmemorar el D\u00eda Internacional del Libro.<\/p><\/blockquote>\n","protected":false},"excerpt":{"rendered":"<p>Me llamo M.\u00aa Jos\u00e9 Almenara Angulo, soy Licenciada en Geograf\u00eda e Historia por la rama de Arte, en la actualidad trabajo como Ayudante de Biblioteca. Desde ni\u00f1a siempre me apasion\u00f3 la lectura y me causaba un gran pesar deshacerme de los libros deteriorados, obsoletos o \u201cmutilados\u201d \u2026 con los a\u00f1os me fui planteando \u00bfQu\u00e9 puedo hacer con ellos? Surgi\u00f3 as\u00ed pues la idea inicial, poder reciclarlos y darles una \u201csegunda vida\u201d. Hace a\u00f1os por navidad, comenc\u00e9 a deshojar algunos viejos libros en desuso y crear con ellas adornos. Encontr\u00e9 en la web inspiraci\u00f3n para producir ideas originales: \u00e1ngeles, rosetones, \u00e1rboles de navidad. Pronto descubr\u00ed un amplio abanico de posibilidades, empezando a elaborar lo que se denomina \u201clibros de artista\u201d, dedicados a grandes autores de la literatura universal y a su obra: Orient Express, La Isla del tesoro, Fahrenheit 451 o La peste. Otros fueron creados rememorando efem\u00e9rides destacadas, como el IV Centenario de la Muerte de Miguel de Cervantes, Frankenstein o el moderno Prometeo conmemorando los 200 a\u00f1os de su publicaci\u00f3n. La literatura infantil fue con frecuencia fuente de mi\u00a0 inspiraci\u00f3n:\u00a0 Alicia en el pa\u00eds de las maravillas, Los viajes de Gulliver, Peter Pan,\u00a0 Cuentos Cl\u00e1sicos y el Mar. Otros de diversa tem\u00e1tica, como Insectos, Inventos, Mariposas, Edad Media. En ocasiones, algunos de los libros fueron realizados expresamente para un evento concreto: Cuerpo humano I y II, Medicamentos, Florence Nightingale. Los libros han sido expuestos en: En 2018: Desde el 5 de noviembre al 5 de enero, en el III Premio Libro de Artista Ciudad de M\u00f3stoles. En abril, Hospital Reina Sof\u00eda (C\u00f3rdoba), dentro de los actos para conmemorar el D\u00eda Internacional del Libro. En abril, Escuela de Artes y Oficios de C\u00f3rdoba, sede Mateo Inurria. En 2019: En abril, del 23-30, en el Hospital de Montilla (C\u00f3rdoba)dentro de los actos para conmemorar el D\u00eda Internacional del Libro. En noviembre, como invitada en el XX Aniversario del Hospital Alto Guadalquivir de And\u00fajar (Ja\u00e9n). En 2022: En marzo, del 24-26, en el Hogar Virgen de los Reyes de Sevilla, dentro de los actos del I Congreso Internacional Enfermer\u00eda del Trabajo. En abril, d\u00eda 19 en la Diputaci\u00f3n de C\u00f3rdoba, para conmemorar el D\u00eda Internacional del Libro.<\/p>\n","protected":false},"author":1,"featured_media":0,"parent":0,"menu_order":0,"comment_status":"closed","ping_status":"closed","template":"","meta":{"footnotes":""},"class_list":["post-16","page","type-page","status-publish","hentry"],"jetpack_sharing_enabled":true,"_links":{"self":[{"href":"https:\/\/segundavidadeloslibros.es\/index.php\/wp-json\/wp\/v2\/pages\/16","targetHints":{"allow":["GET"]}}],"collection":[{"href":"https:\/\/segundavidadeloslibros.es\/index.php\/wp-json\/wp\/v2\/pages"}],"about":[{"href":"https:\/\/segundavidadeloslibros.es\/index.php\/wp-json\/wp\/v2\/types\/page"}],"author":[{"embeddable":true,"href":"https:\/\/segundavidadeloslibros.es\/index.php\/wp-json\/wp\/v2\/users\/1"}],"replies":[{"embeddable":true,"href":"https:\/\/segundavidadeloslibros.es\/index.php\/wp-json\/wp\/v2\/comments?post=16"}],"version-history":[{"count":18,"href":"https:\/\/segundavidadeloslibros.es\/index.php\/wp-json\/wp\/v2\/pages\/16\/revisions"}],"predecessor-version":[{"id":297,"href":"https:\/\/segundavidadeloslibros.es\/index.php\/wp-json\/wp\/v2\/pages\/16\/revisions\/297"}],"wp:attachment":[{"href":"https:\/\/segundavidadeloslibros.es\/index.php\/wp-json\/wp\/v2\/media?parent=16"}],"curies":[{"name":"wp","href":"https:\/\/api.w.org\/{rel}","templated":true}]}}