{"id":137,"date":"2022-04-03T11:17:03","date_gmt":"2022-04-03T09:17:03","guid":{"rendered":"https:\/\/segundavidadeloslibros.es\/?post_type=product&#038;p=137"},"modified":"2024-11-13T19:27:14","modified_gmt":"2024-11-13T17:27:14","slug":"mariposas","status":"publish","type":"product","link":"https:\/\/segundavidadeloslibros.es\/index.php\/product\/mariposas\/","title":{"rendered":"Mariposas (noviembre 2017)"},"content":{"rendered":"","protected":false},"excerpt":{"rendered":"<p>Realizado en 2017.<b> <\/b>Con motivo de la conmemoraci\u00f3n del D\u00eda Internacional del Libro se presenta una peque\u00f1a muestra de los \u201clibros-arte\u201d desde el 23 al 30 abril de 2019 en el Hospital de Montilla \u201cAgencia Sanitaria Alto Guadalquivir\u201d (C\u00f3rdoba) siendo portada en el cartel de dicha exposici\u00f3n.<\/p>\n<p>Ese mismo a\u00f1o, en noviembre para celebrar el XX Aniversario Hospital Alto Guadalquivir de And\u00fajar (Ja\u00e9n) se present\u00f3 una nueva exposici\u00f3n siendo tambi\u00e9n portada de la misma.<\/p>\n","protected":false},"featured_media":538,"template":"","meta":[],"product_brand":[],"product_cat":[15],"product_tag":[],"class_list":{"0":"post-137","1":"product","2":"type-product","3":"status-publish","4":"has-post-thumbnail","6":"product_cat-uncategorized","8":"first","9":"instock","10":"sold-individually","11":"shipping-taxable","12":"product-type-simple"},"jetpack_sharing_enabled":true,"_links":{"self":[{"href":"https:\/\/segundavidadeloslibros.es\/index.php\/wp-json\/wp\/v2\/product\/137","targetHints":{"allow":["GET"]}}],"collection":[{"href":"https:\/\/segundavidadeloslibros.es\/index.php\/wp-json\/wp\/v2\/product"}],"about":[{"href":"https:\/\/segundavidadeloslibros.es\/index.php\/wp-json\/wp\/v2\/types\/product"}],"wp:featuredmedia":[{"embeddable":true,"href":"https:\/\/segundavidadeloslibros.es\/index.php\/wp-json\/wp\/v2\/media\/538"}],"wp:attachment":[{"href":"https:\/\/segundavidadeloslibros.es\/index.php\/wp-json\/wp\/v2\/media?parent=137"}],"wp:term":[{"taxonomy":"product_brand","embeddable":true,"href":"https:\/\/segundavidadeloslibros.es\/index.php\/wp-json\/wp\/v2\/product_brand?post=137"},{"taxonomy":"product_cat","embeddable":true,"href":"https:\/\/segundavidadeloslibros.es\/index.php\/wp-json\/wp\/v2\/product_cat?post=137"},{"taxonomy":"product_tag","embeddable":true,"href":"https:\/\/segundavidadeloslibros.es\/index.php\/wp-json\/wp\/v2\/product_tag?post=137"}],"curies":[{"name":"wp","href":"https:\/\/api.w.org\/{rel}","templated":true}]}}