{"id":269,"date":"2022-10-11T17:38:03","date_gmt":"2022-10-11T15:38:03","guid":{"rendered":"https:\/\/segundavidadeloslibros.es\/?post_type=product&#038;p=269"},"modified":"2024-07-12T16:56:12","modified_gmt":"2024-07-12T14:56:12","slug":"los-viajes-de-gulliver","status":"publish","type":"product","link":"https:\/\/segundavidadeloslibros.es\/index.php\/product\/los-viajes-de-gulliver\/","title":{"rendered":"Los Viajes de Gulliver"},"content":{"rendered":"","protected":false},"excerpt":{"rendered":"<p>Realizado en 2018. S\u00e1tira del escritor y cl\u00e9rigo irland\u00e9s Jonathan Swift (1667-1745).<\/p>\n<p>Publicada en 1726, aunque al principio apareci\u00f3 como obra an\u00f3nima.<\/p>\n<p>&nbsp;<\/p>\n<p>El protagonista Lemuel Gulliver realiza cuatro viajes como cirujano y capit\u00e1n de barco,\u00a0 que terminan entre civilizaciones extra\u00f1as: diminutos liliputienses, gigantes del pa\u00eds de Brobdingnag, espirituales y honorables laputanos y por \u00faltimo se encuentra con los simiescos yahoos y los racionales houyhnhnms, unos caballos inteligentes.<\/p>\n<p>La obra parece esconder una cr\u00edtica a la sociedad inglesa de su tiempo y de\u00a0 una dudosa evoluci\u00f3n,\u00a0 as\u00ed como una burla a los relatos de viajes.<\/p>\n","protected":false},"featured_media":222,"template":"","meta":[],"product_brand":[],"product_cat":[15],"product_tag":[],"class_list":{"0":"post-269","1":"product","2":"type-product","3":"status-publish","4":"has-post-thumbnail","6":"product_cat-uncategorized","8":"first","9":"instock","10":"shipping-taxable","11":"product-type-simple"},"jetpack_sharing_enabled":true,"_links":{"self":[{"href":"https:\/\/segundavidadeloslibros.es\/index.php\/wp-json\/wp\/v2\/product\/269","targetHints":{"allow":["GET"]}}],"collection":[{"href":"https:\/\/segundavidadeloslibros.es\/index.php\/wp-json\/wp\/v2\/product"}],"about":[{"href":"https:\/\/segundavidadeloslibros.es\/index.php\/wp-json\/wp\/v2\/types\/product"}],"wp:featuredmedia":[{"embeddable":true,"href":"https:\/\/segundavidadeloslibros.es\/index.php\/wp-json\/wp\/v2\/media\/222"}],"wp:attachment":[{"href":"https:\/\/segundavidadeloslibros.es\/index.php\/wp-json\/wp\/v2\/media?parent=269"}],"wp:term":[{"taxonomy":"product_brand","embeddable":true,"href":"https:\/\/segundavidadeloslibros.es\/index.php\/wp-json\/wp\/v2\/product_brand?post=269"},{"taxonomy":"product_cat","embeddable":true,"href":"https:\/\/segundavidadeloslibros.es\/index.php\/wp-json\/wp\/v2\/product_cat?post=269"},{"taxonomy":"product_tag","embeddable":true,"href":"https:\/\/segundavidadeloslibros.es\/index.php\/wp-json\/wp\/v2\/product_tag?post=269"}],"curies":[{"name":"wp","href":"https:\/\/api.w.org\/{rel}","templated":true}]}}